what is 110101011000 + -11110?
110100111010
In base 9, what is 5 - -31022?
31027
In base 11, what is 3a761a + -1?
3a7619
In base 3, what is 2202221 - 1101?
2201120
In base 16, what is 1b19 + -2f?
1aea
In base 3, what is -10 + -101021001112?
-101021001122
In base 10, what is 735313 + 2?
735315
In base 3, what is -2 - -2121201022111?
2121201022102
In base 15, what is 7630 - 8?
7627
In base 7, what is -421 + 0?
-421
In base 8, what is -53627 - 70?
-53717
In base 2, what is 11 + -11000001000000?
-11000000111101
In base 15, what is 104bcc + 2?
104bce
In base 3, what is -1 + -11212210?
-11212211
In base 7, what is -2261430 + 1?
-2261426
In base 3, what is -21122010 + 100220?
-21021020
In base 2, what is -11001111111100100001 + 1?
-11001111111100100000
In base 8, what is 277 + 4210?
4507
In base 4, what is 10210 + -1221?
2323
In base 13, what is -824 + 24?
-800
In base 10, what is -81087 + 3?
-81084
In base 13, what is 8c9 - -314?
c10
In base 13, what is -906 - -18?
-8bb
In base 6, what is 14 + -5323515?
-5323501
In base 11, what is 825 - -346?
1070
In base 7, what is -10635 + -36?
-11004
In base 3, what is 10 + -10200202?
-10200122
In base 2, what is 1011101111000010 + 11?
1011101111000101
In base 15, what is -28da - -a?
-28d0
In base 12, what is -2176 - -5?
-2171
In base 12, what is 45 + -333a?
-32b5
In base 15, what is -a08 + d3?
-925
In base 14, what is -19 - 32c?
-347
In base 6, what is -24355454 + 1?
-24355453
In base 2, what is -10000011 - 111111010000?
-1000001010011
In base 8, what is -3 + -1164515?
-1164520
In base 10, what is 18958 - -23?
18981
In base 9, what is 61 - 733?
-662
In base 14, what is -4 - 315ad?
-315b3
In base 3, what is -2100 + -100122?
-102222
In base 10, what is -251795 - -4?
-251791
In base 10, what is 5 - 4610?
-4605
In base 16, what is 1209 + -259?
fb0
In base 4, what is 32 - 20011022?
-20010330
In base 4, what is 101312 + -12?
101300
In base 11, what is 0 + 700454?
700454
In base 7, what is -1162456 + -31?
-1162520
In base 6, what is -3332 - -214?
-3114
In base 2, what is 110111100011 - -10?
110111100101
In base 9, what is -2 - 82500?
-82502
In base 14, what is aca0 + -2?
ac9c
In base 8, what is 27025 + 15?
27042
In base 7, what is -6 - -413562?
413553
In base 6, what is -3413335 + 4?
-3413331
In base 5, what is -434113 + -14?
-434132
In base 11, what is 420 + -187?
244
In base 5, what is 121001 + -1?
121000
In base 13, what is -1034c - -9?
-10343
In base 8, what is 1706 + -1110?
576
In base 2, what is -1001 - -11001010100100?
11001010011011
In base 9, what is -147 + 427?
270
In base 15, what is -8c6 - 841?
-1217
In base 6, what is 1402001 - 3?
1401554
In base 6, what is -5014120 + 4?
-5014112
In base 3, what is 1002101 - -200111?
1202212
In base 8, what is 65611 - -5?
65616
In base 3, what is -1210021 - 1102?
-1211200
In base 11, what is -1374 - -22?
-1352
In base 14, what is -3542 - -9?
-3537
In base 9, what is -17786 + 7?
-17778
In base 4, what is 1023023 + -13?
1023010
In base 8, what is 7216 + 236?
7454
In base 4, what is -22110010 - 1?
-22110011
In base 12, what is 216 - 265?
-4b
In base 8, what is -17 - 7435?
-7454
In base 10, what is -56625 + -4?
-56629
In base 6, what is 22 - -4043524?
4043550
In base 13, what is 1b - -a6b?
a89
In base 7, what is 5 - -45421?
45426
In base 12, what is -5995a - -4?
-59956
In base 15, what is -85 + a1?
1b
In base 13, what is -21c3 - 80?
-2273
In base 12, what is 13 + 508b8?
5090b
In base 2, what is -10 - 11010100111000?
-11010100111010
In base 16, what is 35818 - -2?
3581a
In base 2, what is 1110010000 + -10110?
1101111010
In base 8, what is -1073 - -665?
-206
In base 3, what is -10 - -200202000?
200201220
In base 2, what is 11 + -11001011000?
-11001010101
In base 9, what is -4170375 - -3?
-4170372
In base 5, what is 232 - 4122?
-3340
In base 10, what is -12540 + -7?
-12547
In base 16, what is 22bfb3 + -1?
22bfb2
In base 13, what is -a - 71a9?
-71b6
In base 15, what is -dbd + 5?
-db8
In base 2, what is -101 - -11000010011?
11000001110
In base 3, what is -1020202 + -210?
-1021112
In base 3, what is -10 - 110122100?
-110122110
In base 13, what is 17 + a70?
a87
In base 12, what is -126b938 - 2?
-126b93a
In base 6, what is 3340521 + 20?
3340541
In base 4, what is -2 - 23200?
-23202
In base 12, what is 12452 - -61?
124b3
In base 10, what is 3 + -40525?
-40522
In base 16, what is -3e78 - -4?
-3e74
In base 3, what is 112110020 + -102?
112102211
In base 2, what is -1001 + 10000110000111?
10000101111110
In base 14, what is 4 - -4a8a6?
4a8aa
In base 15, what is 3a15 - 2?
3a13
In base 13, what is -46 + -217b?
-21c4
In base 2, what is -111001001111 + 1100?
-111001000011
In base 9, what is 86677 + 14?
86702
In base 6, what is -120225 + 305?
-115520
In base 7, what is -2264 + -10?
-2304
In base 9, what is -2 + -50386?
-50388
In base 3, what is 1010 - -122111?
200121
In base 12, what is -3 + 1a947a?
1a9477
In base 15, what is 19 + 31c?
336
In base 12, what is -1 - -60873?
60872
In base 8, what is -5 - 67672?
-67677
In base 13, what is -307aa - 13?
-307c0
In base 6, what is -30 + -43020?
-43050
In base 4, what is -1001100 - -21?
-1001013
In base 10, what is 33186 - -2?
33188
In base 14, what is -11 + -2613?
-2624
In base 14, what is 10d9 - -d6?
11d1
In base 6, what is 20 - -13505?
13525
In base 13, what is 7 - -a8279?
a8283
In base 12, what is 1466 - -68?
1512
In base 13, what is 625 - -119?
741
In base 9, what is 5 + 78238?
78244
In base 7, what is -333346 + 3?
-333343
In base 16, what is -40f + 62?
-3ad
In base 9, what is 10 + -71768?
-71758
In base 16, what is 3 - -30be?
30c1
In base 10, what is -71 + -670?
-741
In base 12, what is -5b9 - 3?
-600
In base 6, what is -44 + 12344?
12300
In base 9, what is 1 + 46645?
46646
In base 13, what is -8 - -2b2?
2a7
In base 7, what is -5663365 + 0?
-5663365
In base 4, what is 1 - 31032102?
-31032101
In base 8, what is -2557600 - -2?
-2557576
In base 15, what is db2 + 3?
db5
In base 16, what is 2 + 51d13?
51d15
In base 6, what is -3 - 314124?
-314131
In base 7, what is -2201154 - -3?
-2201151
In base 2, what is 1010011101001101111 + 0?
1010011101001101111
In base 7, what is 224413 - -25?
224441
In base 4, what is 3032 - 2133?
233
In base 10, what is 45 + 574?
619
In base 13, what is 2421 - -27?
2448
In base 10, what is 200 - -124?
324
In base 8, what is 1 - 151346?
-151345
In base 16, what is -365d + -5?
-3662
In base 14, what is -9 - 2419?
-2424
In base 10, what is 2078490 + 2?
2078492
In base 8, what is -63 + -10132?
-10215
In base 16, what is -edba + -5?
-edbf
In base 2, what is 11 - -10001100001?
10001100100
In base 11, what is 2 + 34740?
34742
In base 6, what is -20510 + 31?
-20435
In base 4, what is -11 + -12303101?
-12303112
In base 12, what is 2 - -34b19?
34b1b
In base 6, what is 123533 - 50?
123443
In base 14, what is -5 + -2937c?
-29383
In base 13, what is -5 + -3c27?
-3c2c
In base 16, what is 47f2e - -3?
47f31
In base 16, what is -76b06e - 5?
-76b073
In base 3, what is 12021 + 101112?
120210
In base 8, what is 101764 + -5?
101757
In base 14, what is -12ad5 - -2?
-12ad3
In base 8, what is -1 + 255002?
255001
In base 9, what is -5 - -16317?
16312
In base 14, what is -4 - 210a?
-2110
In base 10, what is -1870 - -7?
-1863
In base 10, what is -151 - 2131?
-2282
In base 7, what is 225 - -302?
530
In base 14, what is -b541 - -4?
-b53b
In base 13, what is -1586 - 339?
-18c2
In base 11, what is -8 + -5855?
-5862
In base 13, what is 315 + -10?
305
In base 9, what is 1037 - -1256?
2304
In base 15, what is -287 + 93?
-1e4
In base 9, what is 2 + 2268025?
2268027
In base 4, what is -133 - -21132322?
21132123
In base 7, what is 3 + 43002?
43005
In base 5, what is -14232441 + 1?
-14232440
In base 2, what is 10 - 10010111101110?
-10010111101100
In base 5, what is 12433 + 4313?
22301
In base 6, what is 212202 - -44?
212250
In base 2, what is -111 - 10101110011111110100?
-10101110011111111011
In base 4, what is 1103231120 - 2?
1103231112
In base 8, what is 247512 + 12?
247524
In base 7, what is -2 + 233?
231
In base 14, what is -8893d2 + 2?
-8893d0
In base 2, what is 10 - 10000100101?
-10000100011
In base 15, what is -200 - 4ae?
-6ae
In base 15, what is -5 - 8868?
-886d
In base 13, what is -2a7aa2 - 2?
-2a7aa4
In base 6, what is -4044504 + 4?
-4044500
In base